 -5*a - x + 4 = -m, a = -5*x - 13. What are the prime factors of a?
2
Suppose -14 = s + 3*v, 0*s - 5*s - 2*v = 5. Suppose -4 = -2*j + 4*n, j + 2*n = 3 - 5. Suppose 0 = -3*y - 4*q + 17, -s + j = q. List the prime factors of y.
7
Let v(j) = -j - 3. Let d be v(-2). Let q = 11 - d. Suppose 3*l = -2*h + 29, -2*l + 24 = 3*h - q. List the prime factors of h.
2, 5
Suppose -15 = -3*w, -5*w - 11 = 4*l + 20. Let r be 1 + l - (1 - 3). Let y = 16 + r. What are the prime factors of y?
5
Let d = -1 - -29. What are the prime factors of d?
2, 7
Suppose -v - 3*v + 100 = 0. List the prime factors of v.
5
Let f(z) = -z**3 - 4*z**2 + z. Let a be f(-4). Let x = 4 + a. Suppose -4*d + 8 = -x. List the prime factors of d.
2
Let k = -46 - -166. What are the prime factors of ((-3)/(-2))/(5/k)?
2, 3
Let h(c) = 7*c - 1. Let q be h(-1). What are the prime factors of 54/q*8/(-3)?
2, 3
Let h(l) = -6*l**2 + l**3 + 4 - 2 + 2*l + 0*l. What are the prime factors of h(6)?
2, 7
Let g(z) = -12*z - 11. What are the prime factors of g(-5)?
7
Let m = -8 + 53. Suppose -4*w - w + 2*b = -35, 5*w = 4*b + m. What are the prime factors of w?
5
Let o be (-9)/(-5) + 6/30. Suppose 6*c + o*s - 56 = c, 5 = 2*c - 5*s. List the prime factors of c.
2, 5
Suppose 19*s - 11*s - 2152 = 0. List the prime factors of s.
269
Let c(r) = 2*r**3 - 2*r**2 - 2*r + 5. Let i(n) = -n + 1. Let j(x) = -c(x) + 3*i(x). Let p be j(2). What are the prime factors of (1/(-2))/(1/p)?
2, 3
Let l(d) = -d**2 - 6*d + 6. Let q be l(-6). List the prime factors of q/(-4)*120/(-18).
2, 5
Let x(y) = -3*y - 1 + 6*y**2 + y**2 - 4*y**2 - 2*y**2. What are the prime factors of x(4)?
3
Let u(v) = 3*v**2 - v - 1. Let l be u(-1). Let i = 10 - 10. Suppose -k - 3*c + 4*c + 11 = i, k = l*c + 19. List the prime factors of k.
7
Let b(q) = -2*q - 5. Let t(z) = -2*z - 5. Let u(p) = p + 10. Let w be u(-7). Let r(v) = w*t(v) - 2*b(v). List the prime factors of r(-7).
3
Let g = 10 - -30. Suppose 2*m - g + 8 = 0. What are the prime factors of m?
2
Suppose 154 = 5*x - 271. List the prime factors of x.
5, 17
Suppose -4*j = 30 + 50. Let f = j - -38. What are the prime factors of f?
2, 3
Let o = -17 + 27. Suppose 0 = -3*z + 2*t + o, -5*z - 2*t = -1 - 5. List the prime factors of z.
2
Let x(f) = f**2 + f - 1. Let n be x(-3). Suppose -2*r - 9 = -5*t - 57, t = n*r - 74. List the prime factors of r.
2, 7
Let r be (1 - 0) + 0/(-5). Let j be (r + -38)/(0 + 1). Let i = j - -52. What are the prime factors of i?
3, 5
Let f(q) = q**3 + 2*q**2 - 3*q - 24. What are the prime factors of f(6)?
2, 3, 41
Suppose -3*g - 6 = 0, 0 = -a - 0*g + 5*g + 12. Suppose 0 = -a*k + 53 + 31. List the prime factors of k.
2, 3, 7
Let w = -116 + 120. List the prime factors of w.
2
What are the prime factors of (-14)/(35/(-5)) + (-244)/(-1)?
2, 3, 41
Let k(i) = 13*i**3 - i**2 + i - 1. Suppose 5*u + 5*q = 70, 4*q - 6 = -0*u + u. Let s(t) = -t + 11. Let v be s(u). List the prime factors of k(v).
2, 3
Let c(n) = 8 + n + 6 + 0*n - 1. What are the prime factors of c(-6)?
7
Let k(u) = -8 + 4*u**3 - u + 3 - 3*u**2 - 4*u**2 - 5*u**3. Let y be k(-7). Suppose -11 + 29 = y*s. What are the prime factors of s?
3
Let s(h) = h**2 + 5*h - 4. Let a(p) = p**2 + 5*p - 4. Let f(y) = 4*a(y) - 3*s(y). List the prime factors of f(-7).
2, 5
Let n = 10 - 5. Suppose 0 = -5*r + n*u + 70, -r = -2*r - 2*u + 5. What are the prime factors of r?
11
Let v = -1 - -10. Suppose 2*u - 11 - v = 0. List the prime factors of ((-15)/u)/((-3)/20).
2, 5
Let x(g) be the first derivative of g**4/12 - g**3/2 + 3*g**2 + g + 2. Let c(v) be the first derivative of x(v). What are the prime factors of c(4)?
2, 5
Let v(x) = -x**3 - 4*x**2 - 3*x + 6. What are the prime factors of v(-4)?
2, 3
What are the prime factors of 4/(-12) - (-51)/(-18)*-46?
2, 5, 13
List the prime factors of ((-18)/15)/(2 - (-111)/(-55)).
2, 3, 11
Suppose 0 = -13*z + 11*z + 88. List the prime factors of z.
2, 11
Let d(b) = 2*b**2 + 11*b - 7. Suppose -2*q = -4*q - 16. What are the prime factors of d(q)?
3, 11
Suppose 0 = 3*c + 2*c - 10. Let s(k) = -5*k**2 - 3*k**3 + 0*k + 4 + c*k**3 - k. What are the prime factors of s(-5)?
3
What are the prime factors of 1/(-1)*82/(-2)?
41
What are the prime factors of 3/(-9) - 1687/(-21)?
2, 5
Let n(p) = -p**2 + 28. Let a be n(0). Suppose 3*m - m = a. What are the prime factors of m?
2, 7
Suppose 5*f + 2*l - 4*l - 35 = 0, 4*f - l = 25. Suppose -f*y + 58 = -72. What are the prime factors of y?
2, 13
Suppose 0 = -c - 0 - 4, -c - 15 = s. Let b = s - -3. List the prime factors of (-2 + (-22)/b)*4.
3
Suppose 0 = 4*f - 172 - 124. List the prime factors of f.
2, 37
Let v(f) = 3*f - 2. Let p be v(2). Suppose -p*w + 6 = 2*o, -4*o - 4*w + 12 = -0*o. Suppose o*s = s + 14. What are the prime factors of s?
7
Let b(q) = -q**2 + 8*q + 4. Let t be b(8). Suppose -t*y + 5 = -5*a, 3*y - 3 = 3*a + 3. List the prime factors of a.
3
Let m be 1 - 1 - (-112)/7. Let z = -24 + m. Let p = z - -13. List the prime factors of p.
5
Suppose -3*a + 4*j + 124 = 0, 0*a = 2*a + 4*j - 96. List the prime factors of a.
2, 11
Let j(d) = -d**3 + 3*d**2 + 4*d + 2. Let h be j(4). Suppose 2*v - h = -0*v. Suppose 3*k - 4*i + 2 = -0, k - v = i. What are the prime factors of k?
2, 3
Let c = -59 + 93. Suppose -4*v + c = 2. What are the prime factors of v?
2
Let h = -96 - -219. Suppose -5*d - 3*g + 57 = -h, 5*g = -2*d + 91. List the prime factors of d.
3, 11
Let b(t) = -3*t + 3. What are the prime factors of b(-27)?
2, 3, 7
Let u(j) = -3*j - 5. Let r(a) = a + 2. Let x be r(-1). Let t = x - 5. What are the prime factors of u(t)?
7
Let q be (-16)/(-10) + 2/5. Let x be 8 - (-1*2 + q). Suppose -2*n - s + 7 = 0, x*n - 3*s - 9 = 4*n. List the prime factors of n.
3
Let a be ((-30)/8)/((-24)/256). Let d = 11 + a. List the prime factors of d.
3, 17
Suppose 4*l - 187 = -3*t, -37 = -2*l - 5*t + 46. What are the prime factors of l?
7
Let c(o) = 2*o + 78. What are the prime factors of c(0)?
2, 3, 13
Suppose 4*p + 4*d - 5 = 95, 2*d = -8. Suppose 4 - p = -5*f. List the prime factors of f.
5
Suppose 0 = -3*f + 186 + 174. What are the prime factors of f?
2, 3, 5
Let c(i) = -4*i**3 - i**2 + 6*i + 4. What are the prime factors of c(-3)?
5, 17
Let k be (2/(-6) + -1)*-6. Let j(t) = -t**2 - 6*t - 13. Let p(o) = 5*o**2 + 24*o + 53. Let r(c) = 9*j(c) + 2*p(c). What are the prime factors of r(k)?
5
Let k(g) = g**2 - 10*g - 3. Let c be k(9). Suppose -2*a + 0*a - 8 = 0. Let s = a - c. List the prime factors of s.
2
Let j(x) = -9*x - 2. Let z be (-3)/4 + 52/(-16). List the prime factors of j(z).
2, 17
Let f(z) = -z**3 + 9*z**2 - 10*z + 5. List the prime factors of f(7).
3, 11
Suppose 3 = -3*b - 0. Let p be -7*2 + 1/1. List the prime factors of p/(2*b/2).
13
Suppose 0 = -3*u + 6*u - 165. List the prime factors of u.
5, 11
Let h = 6 + -1. Suppose 0*t = -t + h*k + 34, -t = -2*k - 40. Suppose -4*a + 4*r - 3*r + t = 0, -r = -3*a + 32. List the prime factors of a.
2, 3
Let j = 485 - 261. What are the prime factors of j?
2, 7
Let k(u) = 2*u - 4. Let l be 4/(-22) - (-336)/33. What are the prime factors of k(l)?
2
Let t(d) = -7*d - 34. Let y(u) = -10*u - 51. Let p(l) = 7*t(l) - 5*y(l). List the prime factors of p(-7).
2, 5
Suppose -2*o + 15 = 3*o. What are the prime factors of o?
3
Suppose -4 = -3*j - j - m, 5*m = -4*j - 12. What are the prime factors of j?
2
Let k(n) = -2*n + 5. Let z be k(7). Let i = 30 - z. Suppose -x = 2*x - i. What are the prime factors of x?
13
Suppose -18 = 2*w - 5*w. Let f(c) = c**3 - 6*c**2 + c - 1. What are the prime factors of f(w)?
5
Let j = 110 + -57. What are the prime factors of j?
53
Let o = 116 - 63. What are the prime factors of o?
53
Let o(r) = 5*r - 7. Let n be o(6). Let l = n + -11. List the prime factors of l.
2, 3
Let f = 12 - 10. Suppose -f*x = x - 114. What are the prime factors of x?
2, 19
Suppose -2*c = -0*x - 2*x - 6, 2*c + 1 = -5*x. What are the prime factors of 37 + -6 - (x + 0)?
2
Suppose 0 = 2*i + 2*x - 8, 3*i - 4*x + x = 0. Suppose -i*u = 3*u - 40. List the prime factors of u.
2
Let r(p) = p**3 + 8*p**2 + 7*p + 2. Let i be r(-7). Suppose -6 = -2*b + i. What are the prime factors of b?
2
Let g(c) = 3*c + 12. Let i be g(5). Suppose 24*s + 75 = i*s. What are the prime factors of s?
5
Let j(f) = 6*f - 4. Let s(k) = -12*k + 7. Let l(i) = -7*j(i) - 4*s(i). What are th